 r(i). List the prime factors of (19*1)/(a + 3).
19
Let o(p) = 4 - 19 - p**2 + 5 + 9*p. List the prime factors of o(7).
2
Let b = 4 + -6. What are the prime factors of 171/15 + b/5?
11
Let u = 4 - -3. Let b = u + 5. List the prime factors of b.
2, 3
List the prime factors of 862/6 + (-2)/(-6).
2, 3
Suppose s = 1 + 6. Let u be 5/((-15)/(-6)) + s. Suppose -2*o = o - u. What are the prime factors of o?
3
Let y(i) be the third derivative of i**4/12 - 5*i**3/2 - 2*i**2. What are the prime factors of y(11)?
7
Suppose -34 = -3*w + 2*u, w - 5*u - 1 = 6. Suppose 5*d = d + w. List the prime factors of d.
3
Let p = 15 + -11. Suppose 5*h = 3*h, -h - 8 = -p*j. Suppose -2*k + 3*c = 7, -3*k - 2*c + 32 = j*c. What are the prime factors of k?
2
Let w(h) = h - 9. Let y be w(7). Let u be 5 + (y - -1) - 2. Suppose 5 = 3*m - u*m. What are the prime factors of m?
5
Let m be 2 + (2 - 1 - 2). What are the prime factors of (-30)/(-1)*(0 + m)?
2, 3, 5
Let m = -3 + -1. What are the prime factors of m + 5/((-5)/(-26))?
2, 11
Let j = 7 + -2. Suppose 3*a - 55 = -2*y, 18 = a - 4*y - j. Let z = 28 - a. List the prime factors of z.
3
Suppose -l + 4 = -2. Suppose 0 + l = -2*b, 5*b = 3*w - 90. What are the prime factors of w?
5
Let d be -31 + 2*-1 + 1. Let j = d - -47. List the prime factors of (-3)/j - (-26)/5.
5
Let a(c) = 7*c**2 + 2. Let j = 16 + -14. List the prime factors of a(j).
2, 3, 5
Let f(r) = -r**3 + r**2. Let y be f(2). What are the prime factors of (2 - y/(-2)) + 10?
2, 5
Let c(w) = -24*w + 30. Let r(s) = 5*s - 6. Let d(l) = -3*c(l) - 14*r(l). Let f be 4 - (-1 - (3 + -4)). What are the prime factors of d(f)?
2
Let w(p) = -p - 1. Let x be w(-1). Suppose -t + 3 = -x*t. Suppose -29 + 5 = -2*d + t*b, b + 38 = 4*d. What are the prime factors of d?
3
Let c be 2 - (-2 - (-2 - -2)). Suppose c*s + m - 15 = 5*s, 5*s + 55 = m. What are the prime factors of (-27)/(-5) - (-4)/s?
5
Let d(m) = 3*m**2 + 7*m + 8. Let n(v) = -4*v**2 - 8*v - 9. Let x(t) = -6*d(t) - 5*n(t). List the prime factors of x(3).
3
Let i be 4*(-1 + 1/2). Let k be i/3 - (-78)/9. What are the prime factors of -1 + (k - (1 + -1))?
7
Let u = -23 - -98. What are the prime factors of u?
3, 5
Suppose 4*b - a - 97 = 2*b, b - 31 = -3*a. Let t = b - 33. Suppose -4*h + t + 35 = 0. List the prime factors of h.
2, 3
Let x(r) = 2*r**3 - 2*r - 1. Suppose -2*y + 6*y - 8 = 0. Let f be (-2)/4 - (-5)/y. What are the prime factors of x(f)?
11
Suppose 4*d - 2*x - 144 = 0, -5*x + 113 - 18 = 3*d. What are the prime factors of d?
5, 7
Let r be 0 - 8/(0 - 2). What are the prime factors of (2/r + -2)*-6?
3
Let q = 29 + -21. Suppose -n + q = -35. What are the prime factors of n?
43
Suppose -8 = -2*v - 4. Let d(l) = l. List the prime factors of d(v).
2
Let b(s) = 40*s + 24. Let f(q) = 8*q + 5. Let h(l) = 5*b(l) - 24*f(l). List the prime factors of h(1).
2
Let n(v) = 13 - 6 + v + 3. Let r be n(-8). What are the prime factors of r + (0 - 2) + 5?
5
Let v = 4 + -4. Suppose v*s = 3*s. Suppose 2*q - 18 = -2*q - 2*h, h - 1 = s. List the prime factors of q.
2
Suppose 2*t = -3*t - 3*p + 922, 0 = t - p - 186. What are the prime factors of t?
5, 37
Suppose -5*p + 115 = z, 3*z - 432 = p - 119. What are the prime factors of z?
3, 5, 7
Suppose -j + 0*j = 1. List the prime factors of ((-4)/8)/(j/58).
29
Let r = -6 + 10. Suppose -3*b + 78 = 2*g + 2*b, 0 = 4*g + b - 156. Suppose r*y = -3 + g. What are the prime factors of y?
3
Let r(a) = -10*a - 3. Let q be r(-3). Let v = -12 + q. List the prime factors of v.
3, 5
Suppose -2*l + 18 - 48 = 0. Let q = -8 + 0. Let o = q - l. What are the prime factors of o?
7
Let k = -2 - -21. Let u = k + -7. List the prime factors of u.
2, 3
Suppose n + 2*n = 6. Let j(o) = o**2 - 4*o + 5. Let v be j(4). Suppose 0 = -n*l - v*x - 11, -l + 3*x + 8 = -2*l. What are the prime factors of l?
7
Let h(c) = 4*c - 1. Let l be h(1). Suppose l*q - 7 = 11. What are the prime factors of q?
2, 3
Let u = -8 + 9. List the prime factors of u/(-3) - (-96)/18.
5
What are the prime factors of (7 - (2 + -3))/((-8)/(-12))?
2, 3
Let j be (7/(-14))/(1/(-2)). List the prime factors of 5*j*44/20.
11
Let s = 10 + -17. What are the prime factors of ((-2)/s)/(1/7)?
2
Let h = -2 - -5. Suppose t - 2*t = -h. List the prime factors of t.
3
Let w = 3 + -3. Suppose 2*z + l - 64 = w, 0*z - z + 18 = 4*l. List the prime factors of z.
2, 17
Let b(r) = 22*r - 3. Let d(u) = 33*u - 4. Let o(v) = 7*b(v) - 5*d(v). Suppose -4*z + z + 4 = -5*s, 5*z - 3*s + 4 = 0. List the prime factors of o(z).
3, 7
Let m = 21 + 4. What are the prime factors of m?
5
Suppose 5*a + 4*h - h = 1812, 367 = a - 4*h. What are the prime factors of a?
3, 11
List the prime factors of (-1 - 3) + 342/3.
2, 5, 11
Suppose -3*m = -4*j + 2*j + 1, j = -3*m - 13. What are the prime factors of (j - (-1 - 0))/(-1)?
3
Let u(z) = -z + 5. Let j be u(0). Suppose 3*q + 31 = 4*r, -4*r - r - 3*q + j = 0. What are the prime factors of r?
2
Let c be 22/55 - 506/(-10). Suppose -i - 4*t = -31, 3*i + t = 3*t + c. List the prime factors of i.
19
Let s(c) = 2*c - 2. Let f be (-16)/(-9) + 2/9. What are the prime factors of s(f)?
2
Let p(r) = -r**2 + r + 40. Let g be p(0). Suppose 4*o - 5*o + 3*x = -12, x = -3*o + 6. Suppose -o*u + g = u. List the prime factors of u.
2, 5
Let w be (84/35)/((-2)/(-10)). Let s be w/30 + (-88)/(-5). Suppose x + s = 4*x. What are the prime factors of x?
2, 3
Let s = -180 + 298. What are the prime factors of s?
2, 59
Let k be -4*((-9)/(-12) - 2). Suppose -2*t + 5*s = 8, -3*t - 5*s = k + 7. Let w = t + 8. List the prime factors of w.
2
Let j(z) = 7*z**2 - z - 1. Let m(p) = p**3 + p**2 + 1. Let i(x) = -j(x) + 2*m(x). Suppose -5*w + 21 = 6. List the prime factors of i(w).
3, 5
Let s = -239 - -171. Let x = s - -115. What are the prime factors of x?
47
List the prime factors of 642/42 - (-4)/(-14).
3, 5
Let z(b) = b**2 + 5*b - 1. Let x(y) = -y + 1. Let i be x(7). List the prime factors of z(i).
5
Let x = 16 + -12. Suppose -x*r - m = 2*m - 181, -r = 4*m - 42. List the prime factors of r.
2, 23
Suppose 0*r + 2*r - 26 = 0. Let y = r - 8. What are the prime factors of y?
5
Let o be -1*(42/(-2))/3. Let t be (-1)/(-1) - 10/2. Let l = t + o. List the prime factors of l.
3
What are the prime factors of 83 + 4/1 + -1?
2, 43
Let i = 12 - 13. Let w = i - -7. What are the prime factors of w?
2, 3
Let k(m) = -28*m**3 - m**2 - m + 1. Let t be k(1). What are the prime factors of 2 + -2 - (0 + t)?
29
Let h(i) = -2*i**2 - 23*i + 14. List the prime factors of h(-12).
2
Let j(r) = r + 2. Let b be j(-5). Let p be (-1 - 11/3)*b. Let s = p + -3. List the prime factors of s.
11
Let g = -41 + 75. List the prime factors of g.
2, 17
Let t(d) = -d**3 + 12*d**2 - 5*d + 12. Let s be t(9). List the prime factors of 2*(s/4)/5.
3, 7
Let a = 60 + -33. Let o be a/(-6) - 1/(-2). Let f = 3 - o. What are the prime factors of f?
7
Suppose -3*j - 452 = -7*s + 5*s, 4*s - 2*j - 920 = 0. List the prime factors of s.
2, 29
Let f(v) be the second derivative of 0 + 1/3*v**3 + 3*v - 3*v**2. What are the prime factors of f(4)?
2
Suppose -5*k - 2*f + 108 = -5*f, 3*k - 62 = -f. What are the prime factors of k?
3, 7
Let x be 99/21 + (-6)/(-21). Suppose -x*v - 28 = -9*v. What are the prime factors of v?
7
Let i = 1 + 4. Suppose -h - i = -22. List the prime factors of h.
17
Suppose -t - 4*u = -4*t + 32, 0 = 5*t - 2*u - 58. List the prime factors of t.
2, 3
Let y = 83 + -44. Let o = -32 - -6. Let c = y + o. What are the prime factors of c?
13
Suppose -3*b + 5 = -1. Suppose b*k + 32 = 3*q, q - 50 = -4*q + 5*k. List the prime factors of 4/(q/21) + 2.
3
Let g = 24 - 26. Suppose 0 = 2*k - 9 - 21. Let i = g + k. What are the prime factors of i?
13
List the prime factors of 2/(4 - 5) - -52.
2, 5
Let n(a) = -14*a**3 + a**2 - a. Let t be n(1). Let m = -8 - t. List the prime factors of m.
2, 3
Let l(k) = k**2 - k - 3. Let z be 2 + 7/((-7)/6). Let s be (z + 3)/(1/(-3)). What are the prime factors of l(s)?
3
Let r(q) = -42*q + 2. List the prime factors of r(-1).
2, 11
Suppose 3*f + 4*u - 18 = 0, -2*f - 3 = -2*u - 1. List the prime factors of (1 - (f - 2))*11.
11
Suppose v = -3*c + 39, c - 6*v - 13 = -v. List the prime factors of c.
13
Let a = -11 - -6. Let q = a - -15. What are the prime factors of q?
2, 5
Let d(g) = -g**2 + 1. Let t(x) = -3*x**2 + 6*x +